
-490
Let c(z) = 987*z + 473755. Calculate c(-480).
-5
Let o(j) = -3274*j - 327646. Determine o(-100).
-246
Let h(m) = -1865*m + 3298. What is h(2)?
-432
Let j(a) = 560*a - 24934. Calculate j(45).
266
Let z(l) = -41*l - 2370. Calculate z(-98).
1648
Let q(v) = -57569*v - 518148. What is q(-9)?
-27
Let m(h) = 5286*h + 660745. Determine m(-125).
-5
Let b(c) = c**3 + 16*c**2 - 385*c + 614. Calculate b(12).
26
Let i(w) = 58*w**3 + 8*w**2 + 88*w - 2. Determine i(-2).
-610
Let l(z) = -z**3 - 88*z**2 + 283*z - 7816. Determine l(-92).
4
Let f(b) = -b**3 - 39*b**2 + 17366*b - 21464. Determine f(113).
6
Let c(o) = 166418*o - 2329847. Calculate c(14).
5
Let u(b) = 5*b**3 - 139*b**2 + 210*b - 2760. Calculate u(27).
-6
Let o(f) = -52029*f - 5358983. What is o(-103)?
4
Let y(o) = 16686*o + 266994. Give y(-16).
18
Let y(d) = 1221*d + 99783. Give y(-82).
-339
Let q(y) = 778*y - 28021. Calculate q(36).
-13
Let q(k) = 257*k - 67284. Determine q(261).
-207
Let o(l) = -653779*l - 1307567. Give o(-2).
-9
Let g(n) = 23*n**2 + 5037*n + 5163. Determine g(-218).
149
Let r(n) = -n**2 + 706*n + 10808. Determine r(-15).
-7
Let s(p) = p**2 + 1140*p + 51371. Give s(-47).
0
Let p(j) = 185*j**2 + 171*j + 31. Calculate p(-2).
429
Let d(u) = 4*u**2 + 1950*u - 46561. What is d(23)?
405
Let y(s) = s**2 + 1468*s + 40321. Give y(-28).
1
Let f(c) = 120*c - 3496. What is f(23)?
-736
Let l(g) = g**3 - 37*g**2 + 144*g + 34. Determine l(9).
-938
Let d(n) = -11*n**3 - n**2 - 42*n - 336. What is d(0)?
-336
Let x(h) = -2074*h + 26953. Give x(13).
-9
Let p(y) = -490*y - 76537. Give p(-157).
393
Let r(n) = -5*n**3 + 790*n**2 + 33*n - 5467. Give r(158).
-253
Let n(d) = 66455*d - 2193109. What is n(33)?
-94
Let b(v) = -16685*v + 400420. Give b(24).
-20
Let g(t) = -28306*t + 735949. What is g(26)?
-7
Let h(w) = 20451*w - 20982733. Determine h(1026).
-7
Let a(b) = 23561*b + 2992259. What is a(-127)?
12
Let d(i) = -15*i**3 - 2057*i**2 - 242*i + 4411. Determine d(-137).
27
Let t(b) = -b**2 - 62*b - 1853. Calculate t(-36).
-917
Let i(n) = -5*n**3 + 605*n**2 + 573*n + 4486. Determine i(122).
-28
Let g(f) = 16*f**2 - 65*f - 513. Give g(-8).
1031
Let j(c) = -5*c**2 - 965*c - 4704. Determine j(-188).
-4
Let g(q) = q**3 - 6*q**2 - 1292*q + 180. What is g(39)?
-15
Let c(q) = 6*q**3 - 541*q**2 + 4962*q - 6554. What is c(80)?
6
Let k(p) = 12*p**2 - 1292*p + 232. Calculate k(107).
-624
Let z(j) = -127*j**3 + 134*j**2 + 286*j - 8. Calculate z(-2).
972
Let i(u) = 18*u**2 - 220*u + 715. Determine i(5).
65
Let j(b) = -207610*b + 1038081. Calculate j(5).
31
Let y(u) = 3*u**2 - 10938*u - 576875. Determine y(-52).
13
Let n(r) = -2*r**2 - 304387*r - 1521921. What is n(-5)?
-36
Let v(l) = 1699*l - 37271. Calculate v(22).
107
Let s(q) = -3*q**2 + 942*q - 51771. Calculate s(71).
-12
Let i(r) = 24*r**2 + 722*r + 606. Calculate i(-29).
-148
Let t(z) = 2*z**3 - 471*z**2 - 875*z + 38862. Give t(237).
-6
Let o(p) = 4003*p + 112200. What is o(-28)?
116
Let p(k) = 155998*k + 7175900. Calculate p(-46).
-8
Let v(x) = 16515*x + 32270305. Determine v(-1954).
-5
Let l(w) = 31831*w + 2228162. Calculate l(-70).
-8
Let a(j) = 12*j**2 + 73*j + 54. Calculate a(-6).
48
Let k(r) = 8*r**2 + 98651*r - 98655. Determine k(1).
4
Let r(k) = -k**3 - 70*k**2 - 576*k - 2. Give r(-10).
-242
Let n(m) = m**2 + 592*m + 23458. Determine n(-41).
867
Let w(r) = -429*r - 14026. Give w(-29).
-1585
Let t(l) = -2*l**2 - 209*l + 611. Determine t(-116).
-2057
Let l(n) = 282*n**2 + 17832*n + 4167. Give l(-63).
9
Let r(u) = -29*u**2 - 1497*u + 201. Determine r(-52).
-371
Let s(q) = 10*q**2 + 432*q + 321. Give s(-42).
-183
Let i(b) = -31*b**2 - 2694*b - 45434. What is i(-64)?
6
Let b(d) = -9*d**3 + 79*d**2 + 11*d - 34. Determine b(9).
-97
Let o(n) = -2*n**2 - 885*n - 29342. Determine o(-407).
-445
Let n(p) = -2902*p - 23370. What is n(-8)?
-154
Let c(p) = -p**3 + 230*p**2 - 2154*p - 55844. Give c(219).
1
Let u(y) = -792*y + 64793. Give u(85).
-2527
Let p(f) = -f**3 + 26*f**2 + 250*f - 190. Determine p(33).
437
Let l(c) = 733*c + 151707. Give l(-207).
-24
Let l(d) = 5*d**3 + 43*d**2 + 876*d + 8049. Calculate l(-9).
3
Let d(v) = 4*v**2 - 370*v + 946. What is d(90)?
46
Let b(m) = 78*m**2 + 395*m - 928. Calculate b(-7).
129
Let l(o) = o**3 + 416*o**2 - 79235*o + 668. Determine l(-558).
110
Let i(k) = -2*k**3 + 27*k**2 - 2982*k + 20237. Determine i(7).
0
Let v(r) = r**3 + 6*r**2 - 717*r + 86. What is v(-30)?
-4
Let g(a) = a**3 + 355*a**2 - 400*a - 15605. Calculate g(-356).
59
Let j(t) = 5*t**2 - 61*t - 1246. Calculate j(23).
-4
Let g(m) = -29*m - 1251. Give g(-17).
-758
Let d(q) = 4*q**3 + 157*q**2 - 1538*q - 56724. Give d(-40).
-4
Let m(r) = r**2 + 138*r + 2521. Determine m(-116).
-31
Let q(n) = -10*n - 65. Give q(-12).
55
Let a(p) = 6*p**2 + 315*p + 4070. What is a(-30)?
20
Let w(a) = 3725*a - 1605470. Give w(431).
5
Let x(o) = -29*o**3 + 72*o**2 - 112*o + 320. Calculate x(3).
-151
Let w(s) = s**3 - 27*s**2 - 292*s + 8736. Calculate w(24).
0
Let p(r) = 11*r + 944. Give p(-109).
-255
Let x(a) = 8312*a + 83140. Give x(-10).
20
Let f(g) = 400995*g + 2004972. What is f(-5)?
-3
Let d(h) = -h**3 + 7*h**2 + 408*h + 2580. Calculate d(-13).
656
Let v(h) = -h**3 + 31*h**2 + 21*h + 1434. What is v(33)?
-51
Let a(p) = -p**2 - 2956*p - 340314. What is a(-120)?
6
Let c(r) = -1036192*r + 3108568. Give c(3).
-8
Let s(y) = -4*y**2 - 7193*y - 363203. Calculate s(-52).
17
Let r(u) = 20489*u - 389297. Calculate r(19).
-6
Let v(m) = -522040*m + 27146073. Determine v(52).
-7
Let p(g) = -56*g**3 - 156*g**2 + 42*g + 101. What is p(-3)?
83
Let h(o) = 23*o**3 - 3*o**2 + 118*o - 262. Determine h(2).
146
Let w(y) = 2*y**3 + 380*y**2 - 1971*y - 4560. Determine w(-195).
-465
Let o(y) = 11474*y - 23121. Determine o(2).
-173
Let f(l) = -18*l**2 - 1765*l + 5428. Determine f(-101).
75
Let p(z) = 55608*z - 333643. Give p(6).
5
Let a(y) = -2*y**2 + 88*y - 918. What is a(15)?
-48
Let z(v) = -424532*v + 28443645. Give z(67).
1
Let s(v) = v**3 - 531*v**2 + 4599*v + 713. Determine s(9).
-178
Let w(p) = -4*p**2 - 19*p - 29. Calculate w(-26).
-2239
Let g(d) = 9998*d + 19674. What is g(-2)?
-322
Let k(i) = 14*i**3 + 72*i**2 + 193*i + 4. Calculate k(-3).
-305
Let f(j) = -2*j**2 - 323*j - 8959. Calculate f(-35).
-104
Let f(k) = -2*k**3 + 316*k**2 - 10372*k - 7050. What is f(111)?
-168
Let a(i) = -99*i - 4949. What is a(12)?
-6137
Let b(i) = 575*i**2 - 7*i - 120. What is b(-3)?
5076
Let l(o) = 937*o + 899. Calculate l(-1).
-38
Let l(m) = 47*m - 2241. Calculate l(67).
908
Let k(c) = 376*c + 32554. Calculate k(-87).
-158
Let t(i) = -62*i**2 - 5587*i - 619. Give t(-90).
11
Let p(i) = -235*i + 8370. What is p(40)?
-1030
Let w(a) = 1063812*a + 10638210. What is w(-10)?
90
Let j(t) = -17*t - 1492. What is j(-195)?
1823
Let d(x) = 1496*x - 26778. What is d(18)?
150
Let w(l) = 351*l - 9824. Determine w(28).
4
Let d(w) = 2*w**3 + 14*w**2 + 89*w + 1525. Give d(-9).
400
Let l(f) = -1846*f + 53515. What is l(29)?
-19
Let a(r) = -r**2 - 377*r - 17944. Determine a(-56).
32
Let h(o) = -o**2 - 48*o - 398. What is h(-54)?
-722
Let v(j) = 109*j**2 - 4361*j + 15771. Give v(36).
39
Let j(x) = -1030*x**2 - 26761*x - 31. What is j(-26)?
-525
Let d(h) = h**2 - 127*h - 1463. What is d(-11)?
55
Let l(m) = -516*m**2 + 70183*m - 961. Determine l(136).
-9
Let u(q) = -9*q**2 + 10990*q - 22006. Determine u(2).
-62
Let r(j) = 905*j - 208133. Give r(230).
17
Let c(u) = 2*u**3 - 36*u**2 - 312*u + 5030. What is c(19)?
-176
Let b(y) = 38*y**3 - 647*y**2 + 5*y + 188. What is b(17)?
-16
Let s(w) = -2859*w + 114407. Give s(40).
47
Let i(o) = 2*o**2 + 3166*o + 821423. What is i(-1256)?
-1
Let h(v) = -v**2 + 9056*v - 3676384. What is h(426)?
-4
Let g(k) = -k**3 - 388*k**2 + 772*k - 3202. Calculate g(-390).
-82
Let j(f) = -f**3 + 79*f**2 + 7932*f - 628167. Determine j(80).
-7
Let u(d) = 12*d**2 + 245*d - 1171. Calculate u(5).
354
Let k(d) = -192*d + 4688. Determine k(15).
1808
Let z(o) = 3*o**3 + 298*o**2 + 366*o - 2552. Calculate z(-98).
-4
Let s(p) = -484*p**2 + 15008*p - 43. What is s(31)?
81
Let r(y) = y**3 - 98*y**2 - 1509*y - 6612. Calculate r(112).
-4
Let w(h) = 4283854*h - 29986966. Determine w(7).
12
Let o(d) = -15*d**3 + 46*d**2 + 55*d - 161. Determine o(3).
13
Let i(d) = 7308*d - 292311. Determine i(40).
9
Let u(x) = 26341*x + 184281